2 - 6*m + 3. Let q be n(6). Suppose 2*j - 6 = q*j. Let b(w) = -w**3 - 6*w**2 - 2*w - 8. Calculate b(j).
4
Let x = 13 + -13. Let h(n) = n**3 - n**2 + n - 13. What is h(x)?
-13
Suppose -2*p - 24 = 4*y, -4*p + 13 = -5*y - 4. Let a(n) = -2*n - 2. Give a(y).
8
Let j(s) = 104*s + 51. Let t(y) = 35*y + 17. Let r(h) = 3*j(h) - 8*t(h). Let v(b) = -11*b - 6. Let u(a) = -6*r(a) - 17*v(a). What is u(-1)?
5
Let c = -11 - -13. Let i(a) = -a**c + 2 + 5*a - a + 2*a. Calculate i(5).
7
Let w(u) = 1 + 36*u + 38*u - 73*u. Suppose -5*z - 15 = -0. Calculate w(z).
-2
Let u = 54 + -48. Let w(i) = 8*i**2 - 4*i**3 + 3*i**3 - 6 - 2*i**2. Calculate w(u).
-6
Let p(h) = h**2 + h + 1. Let u(x) = 0*x**3 - 3*x + x**3 + 1 + 2*x. Let v(m) = -m + 7. Let i be v(10). Let o(s) = i*p(s) - u(s). Determine o(-3).
2
Let k(s) = -s**3 - 4*s**2 + 2*s - 1. Let o(c) = -c**2 - 4*c + 8. Let v be o(-6). Determine k(v).
-9
Let f = 18 - 13. Suppose -b + 3 = 3*x + 7, f*b = -4*x + 2. Let j(d) = 0 - 4*d**3 + 5*d**3 - 3 - 3*d + 2*d**2. Calculate j(x).
3
Let t = -5 - -4. Let c(j) = j + 5. Let a(h) = h. Let q(y) = t*a(y) - c(y). Let m = -37 - -33. What is q(m)?
3
Let x(b) = 3*b**2 - b. Let g be (-37)/5 + (-4)/(-10). Let t(d) = d**2 + 6*d - 4. Let s be t(g). Suppose -1 = m - s. Give x(m).
10
Let f(m) be the second derivative of -m**3/6 + m**2 + m. Let a(u) = u + 3. Let y be a(-5). What is f(y)?
4
Let p be 14 + -2 - (0 + -1) - 3. Let u(l) = l**3 - 10*l**2 - 6. What is u(p)?
-6
Suppose 21*l = 20*l - 4. Let f(h) = h**2 + 7*h + 3. Determine f(l).
-9
Let f(y) = -2*y + y**3 + 8*y**2 + 3 - y - 4*y**2. Suppose -3 = -v + 2. Suppose -o = -0*o + v. Give f(o).
-7
Let r(y) = -5*y**2 + 11*y - 17. Let z(i) = 3*i**2 - 7*i + 11. Let j(m) = -5*r(m) - 8*z(m). What is j(-4)?
9
Let f(w) be the first derivative of w**3/3 - 5*w**2/2 + 3*w + 6. Give f(3).
-3
Suppose -5*s = 2*n - 15, -3*n = -2*s - s + 30. Let d(m) be the third derivative of m**4/24 - 7*m**3/6 + 2*m**2. Calculate d(s).
-2
Let d(o) = -3*o + 3. Let c(g) = 2*g**2 - g**2 + 8 - 8*g + 0*g**2. Let i be c(7). Let f be i + -2 - 0 - -3. Determine d(f).
-3
Let q(v) be the second derivative of v**3/3 + 3*v**2/2 - v. Let c(u) = -u - 3*u + u - 4. Let t(n) = 5*c(n) + 6*q(n). Give t(-2).
4
Let y(i) = -i**2 + 8*i + 1. Suppose -4*d = -3*v + 22 - 66, -5*v = 20. Determine y(d).
1
Let r(a) = 0*a - 3*a + 0 - 2. Suppose 4*m = 3*b - 14, 2*m = 5*b + 4 - 18. Give r(b).
-8
Let q(t) = t**3 + 5*t**2 - 5*t + 2. Let b(d) = -d + 1. Let w(m) = 6*b(m) - q(m). Determine w(-5).
9
Let j(f) be the second derivative of f**4/6 + f**3/3 + 4*f. Let m be (12/(-8))/(3/4). Give j(m).
4
Let y(t) = -t**3 + 5*t**2 + 4*t + 8. Suppose -3*j = -10*b + 6*b - 34, 5*j - 14 = -4*b. Give y(j).
-4
Suppose -3*n + 9 + 27 = 0. Suppose 3*l + l - n = 0. Let k(c) = c + 6*c - 3*c - 2*c**2 + 1. Calculate k(l).
-5
Let i(l) be the second derivative of -l**3/2 - 2*l**2 - l. Suppose 0 = -8*p + 5*p + 9. Suppose -a + p = 6. Give i(a).
5
Let v(j) be the third derivative of 0*j**3 + 1/12*j**4 + 0*j - j**2 + 0. Let g(w) = 12*w - 21. Let i be g(2). Calculate v(i).
6
Let m(v) = -2*v - 2. Let z(i) = -4*i - 3. Let t(c) = 5*m(c) - 3*z(c). Let u be (4/(-3))/(-4)*9. Give t(u).
5
Let f(l) = l**2 + 4*l - 8. Suppose 0*o - 3*o = 24. Let h = o - -2. Calculate f(h).
4
Let q(t) = -6*t + 8. Let f be 3 - (14 - 4) - -2. Let p(l) = l. Let w(d) = f*p(d) - q(d). Determine w(5).
-3
Suppose a - 4*a - 3*b = -18, 10 = 3*a + b. Let t(p) be the first derivative of -3/2*p**2 + 0*p + 1 + 2/3*p**3. What is t(a)?
2
Let v(d) be the second derivative of 1/12*d**4 + d**2 + 2*d + 0 + d**3. Determine v(-4).
-6
Let a(j) = -j**3 - 12*j**2 + 15*j + 31. Let t be a(-13). Let l(x) = -3*x - 1. Calculate l(t).
-16
Let w be 5/15 - 52/(-6). Let a = -14 + w. Let g(u) be the third derivative of -u**4/24 - 4*u**3/3 - u**2. Determine g(a).
-3
Suppose 9*m = 8*m. Let z(g) = -3 + 0*g + 0 + g**2 - g. Determine z(m).
-3
Suppose 2*n = 5*d + 15, 0*n = 4*n + 4*d + 12. Let l = 14 - 10. Let u(c) = l + 2 - 1 - c. Determine u(n).
5
Let m(f) = -f**3 - f**2 + f. Let r be m(-1). Let w be (-1)/(0 - 1) - r. Let v(p) = -2*p**3 + 3*p + 4*p**w + p**3 - p. Give v(4).
8
Let u(b) = -1 - 4*b - 6*b - 5*b**2 + 9*b + 4*b**2. What is u(-1)?
-1
Let w(n) = 0*n - 10 + 2*n - n + 0*n. Suppose 4*h - 22 = 14. Let d be w(h). Let z(v) = -8*v**2 + 1. Calculate z(d).
-7
Let d(v) = -2*v - 6. Let a be 1/(4/80*4). Determine d(a).
-16
Let v(u) = -20*u**2 + u**3 - 20*u**2 + u + 8 + 39*u**2. Calculate v(0).
8
Let p(r) = -14*r**3. Suppose -5*c = -2 + 7. What is p(c)?
14
Let d(l) be the second derivative of l**5/120 + 7*l**4/24 + l**3/3 - l. Let m(i) be the second derivative of d(i). Calculate m(-6).
1
Let s(y) = -3*y**2 + y**2 - y + y**2. Let g(x) = -5*x**2 - x + 6. Let d(o) = -g(o) + 6*s(o). What is d(-4)?
-2
Let n(z) be the third derivative of -z**8/3360 + z**7/2520 + z**6/720 + z**5/20 - 3*z**2. Let m(p) be the third derivative of n(p). Determine m(-1).
-7
Let s(v) be the third derivative of 0 + 0*v + 1/24*v**4 + 3*v**2 - 7/6*v**3 - 1/60*v**5. What is s(0)?
-7
Let h(j) = -38*j - 3 - 47*j + 133*j - 44*j. What is h(-4)?
-19
Let l(a) = -4*a**3 + a**2 + a + 1. Let u(f) = -f**3 - 9*f**2 + 11*f + 13. Let w be u(-10). Suppose w*s + 3 = -0. Determine l(s).
5
Let j(b) = -b - 6. Suppose 17 = 6*q - 13. Suppose 5*s = -3 - 2, 5*k - q*s + 25 = 0. What is j(k)?
0
Suppose -4*h - 4*m - 25 = -5, h = m + 3. Let o be -2 - 13/h*1. Let r(l) = -o + l + 0*l + 0*l. Calculate r(5).
-6
Suppose -4*y + 10 = -14. Suppose -t - t = y. Let v(r) = r**3 + 4*r**2 + 2*r + 4. Determine v(t).
7
Let z be 6*2*(-1)/3. Let m(h) = -h + 4. Calculate m(z).
8
Let t = -71 - -73. Let g(b) be the first derivative of 5/2*b**t + 3 + 1/4*b**4 - 2*b**3 + 0*b. Determine g(5).
0
Suppose -3 = -2*i - 13. Let h(u) be the third derivative of -u**5/30 - u**4/4 + u**3/2 - 2*u**2. Give h(i).
-17
Let y(w) = -4*w**2 + w + 3*w**2 - 3*w. Let d be -4*(-4)/(-4) + 2. Determine y(d).
0
Let k(v) = -v. Let i(c) = c**3 - 11*c**2 + 6*c + 8. Let x(q) = -i(q) + 3*k(q). Let b be x(10). Let s(f) = 3 + 3*f + 4*f**2 - b - 5*f**2 + 4. Give s(4).
1
Let v(f) = -8*f**2 + 3*f + 4. Let o(m) = -16*m**2 + 7*m + 9. Let t(y) = 4*o(y) - 9*v(y). Determine t(-1).
7
Let z be 4 + -2*4/8. Let w be (6/z)/((-2)/6). Let d(n) = n**3 + 6*n**2 - n - 6. Calculate d(w).
0
Let n(m) = -m**3 + 5*m**2 - 3*m - 4. Let g = -18 + 27. Let i be g/(-5)*(-8 - -3). Suppose 0 = v - 4*v + i. Calculate n(v).
5
Let h(y) = -1. Let n(f) = -3*f + 1. Let r(g) = -h(g) + n(g). Let c = 7 + 1. Suppose 4*m + 0 + c = 0. What is r(m)?
8
Let p(q) be the first derivative of q**4/4 - q**3/3 - q**2/2 - 3*q + 3. Suppose 0 = 4*h - 2*v - 14, h - v + 6*v = -2. Give p(h).
12
Let j(b) = 7*b**3 - 2*b**2 - b. Suppose -19 = 3*u + 4*r, 6 = -2*u - 4*r - 12. Give j(u).
-8
Let l(n) = 5*n**3 - n**2 - 7*n + 15. Let c(x) = -3*x**3 + x**2 + 4*x - 8. Let h be 33/(-9) + 1/(-3). Let z(f) = h*l(f) - 7*c(f). Give z(3).
-4
Let x be 4/10 - (-9)/15. Let k(i) = i. Let z(b) = -1. Let r(y) = x*k(y) - z(y). Let s = -14 + 15. Determine r(s).
2
Let t be 8/2 - (-2 + 4). Suppose t*h + 2*s - 12 = 0, -4 = -h + 2*h - 4*s. Let f(u) = 2 + u**2 + 3*u**2 - u - u**3 + 2. Give f(h).
0
Suppose -5 = -5*j + y, -3*y - y + 22 = j. Let f(g) be the first derivative of -1/2*g**j - 1 + 2*g. What is f(4)?
-2
Let h(q) be the first derivative of -5*q**2/2 + 3*q - 4. Let f(z) = -4*z + 2. Suppose -3*y - 8 = 10. Let n(r) = y*f(r) + 5*h(r). What is n(5)?
-2
Let a = 12 + -17. Let l(w) = -4*w**3 + 5*w**2 - 3*w + 3. Let f(m) = 5*m**3 - 5*m**2 + 4*m - 3. Let d(i) = -5*f(i) - 6*l(i). Calculate d(a).
7
Let b(f) = -f**3 - 10*f**2 - 5*f - 7. Let a(r) = -r**3 - 9*r**2 - 5*r - 6. Let o(s) = 4*a(s) - 3*b(s). Let g = 78 + -83. Give o(g).
-3
Let x(p) = -4*p - 2 + 2. Let i(g) = g + 9. Let l be i(-4). Suppose r + 0*o = 3*o + 13, -l*r - 3*o = 7. Determine x(r).
-4
Let t(p) be the first derivative of -p**4/4 + 10*p**3/3 - 5*p**2 + 11*p + 1. Let w be t(9). Let g(q) = 4*q + q**2 - 2*q**2 - 1 - q. Determine g(w).
1
Let j(y) = y**3 + 7*y**2 + 6*y + 3. Suppose -5*v = -7*v - 12. Determine j(v).
3
Suppose 9 = -2*j + 3*g, 2 = -2*j + j + 4*g. Let b(w) = -w**2 - 6*w + 8. Determine b(j).
8
Let c(a) = 3*a + 5*a - 35*a**2 + 16*a**2 - 4 + 18*a**2. Let w = -6 + 4. Let l(j) = -4*j - 2. Let s be l(w). Give c(s).
8
Let z be (-2)/4 - 9/(-6). Let 